 14?
6d5
Convert 425a (base 11) to base 3.
21201120
Convert b (base 14) to base 4.
23
Convert 2020120111 (base 3) to base 11.
301a4
Convert 1113012 (base 5) to base 14.
72b3
-6462 (base 10) to base 3
-22212100
1001101010100 (base 2) to base 5
124243
Convert -10010001110000110 (base 2) to base 16.
-12386
Convert -1001222 (base 3) to base 15.
-372
Convert -72273 (base 9) to base 11.
-32855
Convert -9533 (base 10) to base 14.
-368d
13703 (base 8) to base 3
22100022
Convert 165656 (base 7) to base 2.
1000000111101111
-1312502 (base 6) to base 15
-1647e
What is -2037 (base 9) in base 14?
-788
Convert 13063 (base 8) to base 15.
1a3d
-15230 (base 10) to base 16
-3b7e
Convert 110101220 (base 3) to base 16.
2352
Convert 14202 (base 6) to base 4.
202322
Convert -37d4 (base 14) to base 7.
-40354
Convert -246a (base 11) to base 10.
-3222
Convert -254 (base 8) to base 6.
-444
Convert 1011220202 (base 3) to base 6.
255415
Convert 8606 (base 10) to base 16.
219e
Convert 100110010000 (base 2) to base 7.
10065
Convert -22434 (base 5) to base 10.
-1619
a74 (base 12) to base 6
11024
232313 (base 5) to base 11
639a
What is 726 (base 14) in base 2?
10101111110
7133 (base 8) to base 13
1899
-13771 (base 9) to base 14
-35bd
What is -12012221 (base 3) in base 10?
-3805
What is -53351 (base 7) in base 5?
-410332
Convert 71 (base 8) to base 9.
63
Convert 26076 (base 9) to base 5.
1030230
What is 220211 (base 3) in base 7?
1645
1121201121 (base 3) to base 10
31876
Convert -25403 (base 8) to base 11.
-8300
What is d3 (base 16) in base 15?
e1
Convert -3111212 (base 4) to base 6.
-143142
-2772 (base 8) to base 14
-7b4
-113232 (base 4) to base 10
-1518
4cc (base 13) to base 10
844
What is -41452 (base 9) in base 12?
-139a8
2110 (base 3) to base 2
1000010
Convert -216 (base 10) to base 7.
-426
What is 10111110000 (base 2) in base 13?
8cc
Convert -7917 (base 10) to base 2.
-1111011101101
-1263 (base 9) to base 13
-57c
4425 (base 15) to base 2
11100001100011
Convert -7b8 (base 16) to base 14.
-a12
What is 153 (base 6) in base 12?
59
What is -1011010111 (base 2) in base 14?
-39d
221101022 (base 3) to base 16
4847
What is -53ba (base 16) in base 2?
-101001110111010
Convert -15b (base 13) to base 15.
-115
What is 3135 (base 7) in base 2?
10001010000
Convert -23121 (base 5) to base 8.
-3175
Convert 4755 (base 8) to base 13.
1206
Convert -253324 (base 7) to base 12.
-23111
-222111 (base 3) to base 2
-1011001011
-654 (base 11) to base 4
-30101
-4ea (base 15) to base 7
-3160
What is 3158 (base 14) in base 16?
213a
Convert -11b (base 16) to base 5.
-2113
-212011121 (base 3) to base 15
-5011
What is 101000101 (base 2) in base 5?
2300
What is -216 (base 13) in base 8?
-545
54316 (base 7) to base 10
13537
Convert 4335 (base 7) to base 16.
609
Convert -2115 (base 11) to base 3.
-10211200
-12864 (base 9) to base 11
-6612
-123124 (base 5) to base 13
-2245
Convert -1100100010001 (base 2) to base 15.
-1d7c
What is -24305 (base 11) in base 9?
-52870
Convert -227 (base 16) to base 14.
-2b5
Convert -4a5 (base 16) to base 15.
-544
Convert 20501 (base 10) to base 14.
7685
What is -13001111 (base 4) in base 13?
-10121
Convert -2230 (base 10) to base 9.
-3047
301451 (base 6) to base 3
1012112111
213 (base 15) to base 2
111010100
-2c66 (base 16) to base 6
-124342
Convert -10200002 (base 3) to base 7.
-10541
What is -3894 (base 13) in base 8?
-17600
-7038 (base 9) to base 6
-35442
-1544 (base 7) to base 10
-620
Convert 4057 (base 16) to base 15.
4d31
What is -a2 (base 15) in base 6?
-412
Convert 4715 (base 16) to base 11.
12743
101335 (base 7) to base 16
43ab
Convert -b59 (base 12) to base 11.
-1273
Convert -3032 (base 6) to base 2.
-1010011100
Convert 10133 (base 5) to base 6.
3032
Convert -c37 (base 15) to base 3.
-10202221
-40241 (base 7) to base 13
-4577
Convert 211 (base 16) to base 7.
1354
Convert 33e (base 15) to base 8.
1336
What is -233444 (base 6) in base 3?
-1000210101
What is -437 (base 10) in base 14?
-233
What is -63ad (base 14) in base 5?
-1022310
Convert 52422 (base 9) to base 2.
1000011100101111
What is -44016 (base 7) in base 5?
-322424
-151f (base 16) to base 11
-4076
What is 12442 (base 7) in base 15?
ead
What is -10235 (base 6) in base 16?
-56f
-2332 (base 7) to base 12
-5b4
Convert 22430 (base 6) to base 3.
11101000
Convert -30b (base 15) to base 13.
-40a
-100110110100110 (base 2) to base 7
-111645
Convert -4bf (base 16) to base 14.
-62b
-11431 (base 7) to base 10
-2962
10332 (base 13) to base 2
111000110110101
Convert -1929 (base 15) to base 2.
-1010100111111
Convert 1011010011000 (base 2) to base 15.
1aa9
What is 1117 (base 12) in base 2?
11101100011
-402203 (base 5) to base 14
-4947
Convert 26553 (base 11) to base 2.
1001010000101011
What is cb9 (base 16) in base 15?
e72
833 (base 10) to base 12
595
What is -320100 (base 7) in base 5?
-3232042
Convert -53205 (base 9) to base 13.
-13007
11003 (base 5) to base 9
1026
1051 (base 8) to base 12
3a1
-6336 (base 7) to base 16
-8b8
Convert 5422 (base 9) to base 15.
12ae
What is -252 (base 13) in base 2?
-110010101
-141343 (base 5) to base 13
-287b
1870 (base 10) to base 5
24440
Convert -4125 (base 8) to base 9.
-2830
What is -420 (base 14) in base 12?
-578
Convert 44340 (base 5) to base 7.
12011
What is -45c (base 15) in base 6?
-4323
What is -100000011100 (base 2) in base 16?
-81c
528 (base 14) to base 9
1348
Convert -1102000 (base 3) to base 4.
-100002
Convert 12001001 (base 3) to base 8.
7131
What is 100000000011010 (base 2) in base 14?
5da2
-12528 (base 10) to base 4
-3003300
What is -171 (base 12) in base 14?
-125
5665 (base 15) to base 6
220452
Convert 13a3 (base 14) to base 6.
24031
Convert -332103 (base 4) to base 7.
-14424
Convert -24 (base 5) to base 12.
-12
Convert -11c5 (base 14) to base 7.
-12035
-1011010010110 (base 2) to base 9
-7834
What is -1783 (base 15) in base 13?
-2403
Convert -1113201 (base 4) to base 6.
-41533
287 (base 13) to base 2
111000001
Convert -28552 (base 9) to base 5.
-1110111
What is 1889 (base 15) in base 14?
1d0c
What is -1000101000001 (base 2) in base 14?
-1877
Convert -4768 (base 10) to base 3.
-20112121
Convert 32322 (base 4) to base 10.
954
-6b2 (base 12) to base 16
-3e6
Convert 646 (base 10) to base 7.
1612
What is -229 (base 10) in base 4?
-3211
1404 (base 10) to base 13
840
What is 202102 (base 3) in base 8?
1047
What is -11000000110111 (base 2) in base 14?
-46d9
What is 349 (base 14) in base 6?
3005
What is 1be (base 15) in base 6?
1512
What is -aa40 (base 16) in base 12?
-21280
-745 (base 16) to base 8
-3505
What is -39a1 (base 11) in base 10?
-5193
-33 (base 15) to base 7
-66
-512 (base 14) to base 7
-2622
Convert 153 (base 6) to base 14.
4d
12131301 (base 4) to base 8
63561
48e4 (base 15) to base 14
5922
-2512 (base 6) to base 4
-21230
471 (base 11) to base 6
2334
57b (base 16) to base 15
638
13333 (base 5) to base 12
771
What is 6464 (base 16) in base 13?
b90c
-85 (base 11) to base 16
-5d
Convert -946 (base 10) to base 3.
-1022001
Convert -100110 (base 4) to base 10.
-1044
Convert 11322320 (base 4) to base 5.
1233443
-1ac3 (base 16) to base 15
-206b
-72746 (base 8) to base 5
-1431212
Convert -2516 (base 9) to base 16.
-756
Convert 12122010 (base 3) to base 4.
1000023
What is 37240 (base 10) in base 14?
d800
Convert -4022 (base 8) to base 14.
-a78
1474 (base 16) to base 10
5236
-1101100100100101 (base 2) to base 10
-55589
Convert 12100 (base 4) to base 9.
484
-acc9 (base 13) to base 15
-725d
What is 2451 (base 12) in base 4?
333331
-234 (base 6) to base 14
-6a
Convert 6661 (base 12) to base 16.
2c29
Convert -3444 (base 5) to base 14.
-279
What is 13013 (base 6) in base 4?
132201
What is 2357 (base 14) in base 15?
1c53
What is -5405 (base 14) in base 7?
-60205
-74 (base 9) to base 14
-4b
-101010000 (base 2) to base 13
-1cb
Convert 2008 (base 14) to base 5.
133441
Convert ed3 (base 15) to base 3.
11121000
-445 (base 6) to base 3
-20102
Convert 1734 (base 11) to base 9.
3031
Convert -1254 (base 9) to base 3.
-1021211
Convert -4a17 (base 12) to base 3.
-102111001
174502 (base 8) to base 14
1937c
7767 (base 9) to base 11
4340
What is ad12 (base 14) in base 8?
72464
-c516 (base 13) to base 3
-1101100110
-1a6 (base 16) to base 12
-2b2
What is 292a (base 11) in base 7?
14013
What is -1001110